{"id":2,"date":"2010-01-04T09:50:36","date_gmt":"2010-01-04T09:50:36","guid":{"rendered":"http:\/\/www.agglotv.com\/?page_id=2"},"modified":"2015-04-15T06:41:02","modified_gmt":"2015-04-15T06:41:02","slug":"a-propos","status":"publish","type":"page","link":"https:\/\/www.agglotv.com\/?page_id=2","title":{"rendered":"Diffuser un communiqu\u00e9 de presse"},"content":{"rendered":"<p>Ce site vous propose de diffuser tous vos communiqu\u00e9s de presse gratuitement.<br \/>\nPour cela, il suffit simplement d&rsquo;envoyer par email votre communiqu\u00e9 en format Word \u00e0 <a href=\"mailto:contact@icionvousvoit.com\">contact@icionvousvoit.com<\/a><\/p>\n<p>Une fois le communiqu\u00e9 envoy\u00e9, il sera diffus\u00e9 sous 48 heures.<\/p>\n<p>La r\u00e9daction se r\u00e9serve le droit de ne pas publier certains communiqu\u00e9s sans justification.<\/p>\n<p>Vous pouvez nous soutenir en mentionnant notre site sur le votre.<\/p>\n<p>Les communiqu\u00e9s de presse sont diffus\u00e9s sous la responsabilit\u00e9 de leurs auteurs.<\/p>\n<p>Si vous souhaitez faire r\u00e9diger vos communiqu\u00e9s par une tierce personne, nous mettons \u00e0 votre disposition un service de r\u00e9daction de communiqu\u00e9s de presse. Tous renseignements : <a href=\"mailto:contact@icionvousvoit.com?subject=Redaction CP\">contact@icionvousvoit.com<\/a><\/p>\n","protected":false},"excerpt":{"rendered":"<p>Ce site vous propose de diffuser tous vos communiqu\u00e9s de presse gratuitement. Pour cela, il suffit simplement d&rsquo;envoyer par email votre communiqu\u00e9 en format Word \u00e0 contact@icionvousvoit.com Une fois le communiqu\u00e9 envoy\u00e9, il sera diffus\u00e9 sous 48 heures. La r\u00e9daction se r\u00e9serve le droit de ne pas publier certains communiqu\u00e9s sans justification. Vous pouvez nous [&hellip;]<\/p>\n","protected":false},"author":2,"featured_media":0,"parent":0,"menu_order":0,"comment_status":"closed","ping_status":"closed","template":"page-nocomment-noinfo.php","meta":[],"amp_enabled":false,"_links":{"self":[{"href":"https:\/\/www.agglotv.com\/index.php?rest_route=\/wp\/v2\/pages\/2"}],"collection":[{"href":"https:\/\/www.agglotv.com\/index.php?rest_route=\/wp\/v2\/pages"}],"about":[{"href":"https:\/\/www.agglotv.com\/index.php?rest_route=\/wp\/v2\/types\/page"}],"author":[{"embeddable":true,"href":"https:\/\/www.agglotv.com\/index.php?rest_route=\/wp\/v2\/users\/2"}],"replies":[{"embeddable":true,"href":"https:\/\/www.agglotv.com\/index.php?rest_route=%2Fwp%2Fv2%2Fcomments&post=2"}],"version-history":[{"count":43,"href":"https:\/\/www.agglotv.com\/index.php?rest_route=\/wp\/v2\/pages\/2\/revisions"}],"predecessor-version":[{"id":63545,"href":"https:\/\/www.agglotv.com\/index.php?rest_route=\/wp\/v2\/pages\/2\/revisions\/63545"}],"wp:attachment":[{"href":"https:\/\/www.agglotv.com\/index.php?rest_route=%2Fwp%2Fv2%2Fmedia&parent=2"}],"curies":[{"name":"wp","href":"https:\/\/api.w.org\/{rel}","templated":true}]}}